divide 4955568?
False
Does 532 divide 196308?
True
Does 6 divide 596839?
False
Is 19 a factor of 1706763?
False
Does 6 divide 2020435?
False
Does 108 divide 2593157?
False
Does 57 divide 90070?
False
Is 6 a factor of 596858?
False
Does 3 divide 4678611?
True
Is 83685 a multiple of 16?
False
Does 401 divide 2359885?
True
Is 1065148 a multiple of 16?
False
Is 1225994 a multiple of 77?
True
Is 605666 a multiple of 70?
False
Is 11116356 a multiple of 249?
True
Is 105 a factor of 342930?
True
Is 38 a factor of 14221649?
False
Is 43 a factor of 115579?
False
Does 74 divide 731580?
False
Is 34 a factor of 1981928?
True
Does 22 divide 15825?
False
Is 295359 a multiple of 79?
False
Is 23 a factor of 5701?
False
Does 5 divide 777587?
False
Is 1088762 a multiple of 20?
False
Does 190 divide 14623596?
False
Is 266 a factor of 598500?
True
Does 55 divide 2136915?
True
Does 13 divide 10914839?
True
Is 49612 a multiple of 314?
True
Does 96 divide 204768?
True
Does 36 divide 15048?
True
Is 17 a factor of 666732?
False
Does 52 divide 151703?
False
Is 569710 a multiple of 43?
False
Is 91 a factor of 1648374?
True
Is 257 a factor of 2783106?
False
Does 375 divide 1323037?
False
Is 1509 a factor of 9301476?
True
Is 6 a factor of 29151?
False
Does 11 divide 295064?
True
Is 71 a factor of 552791?
False
Does 325 divide 145925?
True
Is 5 a factor of 146102?
False
Is 8 a factor of 117384?
True
Does 470 divide 527192?
False
Does 14 divide 387947?
False
Is 4 a factor of 30552?
True
Is 22 a factor of 20784060?
True
Does 459 divide 95931?
True
Does 17 divide 593674?
True
Is 150 a factor of 1696112?
False
Does 7 divide 808821?
False
Does 28 divide 520575?
False
Is 1467 a factor of 2743290?
True
Is 3335488 a multiple of 26?
True
Is 157 a factor of 451487?
False
Is 242590 a multiple of 17?
True
Does 521 divide 2683839?
False
Is 7461430 a multiple of 23?
True
Is 405917 a multiple of 3?
False
Is 31950 a multiple of 75?
True
Does 212 divide 634634?
False
Is 9 a factor of 306711?
True
Is 45 a factor of 2062?
False
Is 74 a factor of 21570089?
False
Is 148 a factor of 1753442?
False
Is 133579 a multiple of 873?
False
Is 177 a factor of 262524?
False
Is 89 a factor of 635786?
False
Is 112619 a multiple of 13?
True
Is 354349 a multiple of 766?
False
Is 181 a factor of 4179109?
True
Does 51 divide 1094715?
True
Is 27 a factor of 286929?
True
Is 74290 a multiple of 190?
True
Does 3 divide 141138?
True
Is 670 a factor of 16461442?
False
Is 35 a factor of 253706?
False
Is 5226911 a multiple of 206?
False
Is 463574 a multiple of 31?
True
Is 3403394 a multiple of 145?
False
Does 876 divide 4745292?
True
Does 22 divide 3043822?
False
Is 293 a factor of 314113?
False
Does 246 divide 1304784?
True
Does 549 divide 1267641?
True
Does 64 divide 456384?
True
Is 447344 a multiple of 84?
False
Is 422 a factor of 3095796?
False
Is 47 a factor of 5783554?
False
Is 5907 even?
False
Is 7 a factor of 3996342?
True
Does 81 divide 396576?
True
Is 841473 a multiple of 122?
False
Does 119 divide 1331692?
False
Does 11 divide 1562484?
True
Does 5 divide 67509?
False
Is 220 a factor of 1159400?
True
Does 6 divide 33852?
True
Does 30 divide 274350?
True
Is 3019248 a multiple of 27?
True
Is 54 a factor of 96199?
False
Does 775 divide 3130225?
True
Is 118 a factor of 1194746?
False
Is 151 a factor of 438202?
True
Is 970 a factor of 856661?
False
Is 275353 a multiple of 359?
True
Does 15 divide 1048725?
True
Does 60 divide 356767?
False
Is 6969627 a multiple of 575?
False
Does 52 divide 417472?
False
Is 2053503 a multiple of 1146?
False
Is 14 a factor of 1058414?
True
Is 14 a factor of 85276?
False
Is 1714274 a multiple of 757?
False
Is 13 a factor of 486529?
False
Is 77980 a multiple of 21?
False
Is 13 a factor of 350844?
True
Is 147351 a multiple of 11?
False
Is 131 a factor of 1570559?
True
Does 3 divide 12031?
False
Is 1154856 a multiple of 217?
False
Is 409135 a multiple of 19?
False
Is 23663 a multiple of 5?
False
Is 11 a factor of 5515?
False
Does 15 divide 67911?
False
Is 110 a factor of 56870?
True
Is 14 a factor of 63546?
True
Is 22 a factor of 3416864?
True
Is 10 a factor of 13765?
False
Is 72 a factor of 290646?
False
Is 51 a factor of 2036328?
True
Is 311616 a multiple of 64?
True
Does 82 divide 84296?
True
Does 42 divide 648018?
True
Does 491 divide 476243?
False
Does 67 divide 1475206?
True
Is 4708431 a multiple of 114?
False
Is 4 a factor of 127356?
True
Is 30 a factor of 81653?
False
Is 62114 a multiple of 8?
False
Is 61 a factor of 42761?
True
Does 10 divide 2436446?
False
Is 288900 a multiple of 60?
True
Does 67 divide 18486?
False
Is 1038038 a multiple of 59?
False
Is 5971434 a multiple of 1069?
True
Does 8 divide 95751?
False
Is 208 a factor of 156000?
True
Does 34 divide 19618?
True
Is 2504700 a multiple of 165?
True
Is 61551 a multiple of 104?
False
Is 1836736 a multiple of 11?
True
Is 409 a factor of 6399623?
True
Is 143986 a multiple of 53?
False
Is 102 a factor of 60384?
True
Is 481 a factor of 4991337?
True
Is 1024729 a multiple of 3?
False
Does 143 divide 150983?
False
Is 3414585 a multiple of 20?
False
Is 7200548 a multiple of 80?
False
Does 18 divide 2185277?
False
Is 23 a factor of 22347168?
True
Is 1467075 a multiple of 31?
True
Is 2 a factor of 8908?
True
Is 2975464 a multiple of 134?
False
Is 731603 a multiple of 15?
False
Is 4554957 a multiple of 249?
True
Is 7 a factor of 111699?
True
Is 1746 a multiple of 19?
False
Does 32 divide 4615111?
False
Is 127 a factor of 48053?
False
Is 31094 even?
True
Is 334 a factor of 3910138?
True
Does 11 divide 282502?
True
Is 56004 a multiple of 26?
True
Does 960 divide 4730237?
False
Does 31 divide 1180578?
False
Is 7508088 a multiple of 3?
True
Is 77 a factor of 635127?
False
Does 10 divide 9988340?
True
Does 165 divide 128040?
True
Does 191 divide 6858147?
False
Is 33 a factor of 360888?
True
Does 15 divide 11607614?
False
Is 111811 a multiple of 7?
True
Is 15 a factor of 456327?
False
Is 997802 a multiple of 3?
False
Is 832 a factor of 5839808?
True
Is 25 a factor of 162125?
True
Is 3980024 a multiple of 1996?
True
Does 796 divide 1858792?
False
Is 823 a factor of 7102889?
False
Is 125 a factor of 911375?
True
Is 15336 a multiple of 54?
True
Does 11 divide 360404?
True
Is 6214209 a multiple of 23?
True
Does 6 divide 136938?
True
Is 83 a factor of 1756529?
True
Is 159678 a multiple of 18?
True
Is 571255 a multiple of 215?
True
Is 42 a factor of 580826?
False
Does 15 divide 1993440?
True
Is 20 a factor of 775260?
True
Does 381 divide 10664190?
True
Is 140 a factor of 298996?
False
Does 414 divide 2348208?
True
Does 338 divide 10715276?
True
Is 174952 a multiple of 612?
False
Does 5 divide 594330?
True
Is 9 a factor of 960111?
True
Is 246974 a multiple of 26?
True
Is 479190 a multiple of 118?
False
Does 345 divide 6769848?
False
Is 23 a factor of 129835?
True
Is 138123 a multiple of 48?
False
Is 14 a factor of 479953?
False
Is 83 a factor of 56772?
True
Is 42084 a multiple of 6?
True
Does 111 divide 41927?
False
Is 217360 a multiple of 572?
True
Does 232 divide 676559?
False
Is 7 a factor of 9634513?
True
Is 50 a factor of 260950?
True
Is 1759050 a multiple of 150?
True
Is 332765 a multiple of 17?
False
Is 190642 a multiple of 269?
False
Is 31 a factor of 1698712?
False
Does 190 divide 1270?
False
Does 5 divide 1343260?
True
Is 1452225 a multiple of 710?
False
Does 38 divide 598690?
True
Does 24 divide 146760?
True
Does 4 divide 18437?
False
Is 122584 a multiple of 209?
False
Is 12 a factor of 7666596?
True
Is 433472 a multiple of 16?
True
Does 6 divide 2042807?
False
Is 123778 a multiple of 289?
False
Is 814 a factor of 7255996?
True
Does 5 divide 100674?
False
Is 12 a factor of 369135?
False
Does 295 divide 1776428?
False
Is 59 a factor of 7080?
True
Does 40 divide 126880?
True
Does 112 divide 245280?
True
Does 10 divide 35121?
False
Is 24 a factor of 360900?
False
Is 23 a factor of 1929562?
True
Is 7583395 a multiple of 10?
False
Does 125 divide 30917?
False
Is 154 a factor of 49896?
True
Is 169 a factor of 202484?
False
Does 6 divide 456927?
False
Is 14278 a multiple of 14?
False
Is 80253 a multiple of 9?
True
Is 166 a factor of 55112?
True
Does 87 divide 243446?
False
Is 10 a factor of 327930?
True
Is 17 a factor of 2456085?
False
I